4*t - 7*t = 4*n - 35. Let d(j) = j**3 + 4*j**2 - 3*j + 7. What are the prime factors of d(n)?
7, 31
Suppose 4*k - 16 = -k - 3*b, 5*b - 5 = -4*k. Suppose k*r - 104 = 4*r. List the prime factors of r.
2, 13
Let d(g) = -g**3 + 5*g**2 - 2*g + 1. Suppose 3*m = -3*h - 9, 3*h - 1 = -m - 14. Suppose 0 = o - m*o + 4. List the prime factors of d(o).
3
What are the prime factors of 129/((-3)/28*-7)?
2, 43
Let t(g) = 2*g - 8. Let p be t(6). Suppose 3*y - 4 = p*m - 0*y, 3*y - 10 = m. Suppose -38 = -m*o + 2. What are the prime factors of o?
2, 5
Let l(w) = -2*w + 22. Let j be l(12). List the prime factors of ((-36)/30)/(j/255).
3, 17
Let c be 0/(-5 + 2 - -1). Suppose -3*y + 11 - 44 = c. Let w(u) = -2*u + 23. What are the prime factors of w(y)?
3, 5
Let o = 885 - 344. List the prime factors of o.
541
Let x(p) be the third derivative of 0*p + 0*p**4 + 1/60*p**6 - 1/6*p**3 + 0 + p**2 + 0*p**5. What are the prime factors of x(2)?
3, 5
Let z(v) = -v. Let f(j) = -j**2 - 17*j + 9. Let p(m) = f(m) - 5*z(m). List the prime factors of p(-10).
29
Let k = 553 - 305. List the prime factors of k.
2, 31
Suppose -4*z - 1091 = -16063. List the prime factors of z.
19, 197
Suppose -5*s - 1267 = -9*s - y, 4*y + 1292 = 4*s. List the prime factors of s.
2, 3, 53
Suppose 10 = 5*p, -9*p + 10*p - 1184 = -2*z. What are the prime factors of z?
3, 197
Let w(l) be the second derivative of l**5/20 - 5*l**4/12 + l**3/6 + 3*l**2/2 + l. Let y be w(5). List the prime factors of y/20 + (-504)/(-15).
2, 17
Let k(g) = -5*g**2 + 3*g - 12. Let s be k(-5). Let b = 247 + s. List the prime factors of b.
5, 19
What are the prime factors of 5/(-1) + (16800/7)/3?
3, 5, 53
Let g = -10 - -8. Let u = g + -4. What are the prime factors of (-388)/(-16) - u/8?
5
Let n(i) = -i**3 + i**2 - 3*i + 4. Let v be n(2). Let o be (v/9)/((-2)/21). Suppose -2*w - 4*d = -o*d - 30, 2*w - 18 = -3*d. List the prime factors of w.
2, 3
What are the prime factors of 8/(-6) - (-133900)/156?
857
Let f(c) = 4*c**2 - 60*c - 100. Let h(d) = -d**2 + 20*d + 33. Let l(s) = 3*f(s) + 10*h(s). What are the prime factors of l(-13)?
2, 3
Suppose 0 = 22*m - 25*m + 195. Let l = m - 61. List the prime factors of l.
2
Let j(m) = -5*m**2 - 11*m + 27. Let l(r) = -r**2. Let q(t) = -j(t) + 3*l(t). What are the prime factors of q(-14)?
211
Let n = 645 - 434. What are the prime factors of n?
211
What are the prime factors of (-121 - -120)/(2/(-4278))?
3, 23, 31
Let n be (-10)/75 - 77/(-15). Suppose -36 = -n*s + 4*t, -s - t + 8 = 2*s. Suppose -c - 1 = -i, -3*i = -4*i + s*c - 8. What are the prime factors of i?
2
Suppose -j + 46*j = 4725. What are the prime factors of j?
3, 5, 7
Let s(k) = k**3 + 5*k**2 + 8*k - 8. Let d(m) = -2*m + 3*m + 15 - 16. Let x(t) = 4*d(t) - s(t). List the prime factors of x(-5).
2, 3
Let u be 18/(-117) - (-2)/(26/93). What are the prime factors of 0 - (-2)/u - 1951/(-7)?
3, 31
Let y(z) = 34*z**2 + 3*z - 1. List the prime factors of y(4).
3, 5, 37
List the prime factors of (513/(-36))/(24/(-2080)).
5, 13, 19
Let y(f) = -f**2 + f + 35. Let x be y(0). Suppose -34*n - 58 = -x*n. What are the prime factors of n?
2, 29
Let w(b) = b**2 + 6*b + 2. Let o be w(-4). Let z be (-7 + -5)*4/o. Suppose -110 = 3*n - z*n. What are the prime factors of n?
2, 11
Suppose -5 = -r - 4*r. Suppose 2 = 3*m - 2*m. What are the prime factors of r/m + 252/8?
2
Suppose 2 + 23 = 5*n. Suppose -3*g = n*g - 152. What are the prime factors of g?
19
Let o(q) = q + 6. Let x be o(-9). List the prime factors of 1622/6 - x/9*2.
271
Suppose 2*q - 180 = -2*q + h, 2*h + 84 = 2*q. Let c = -24 + q. What are the prime factors of c?
2, 11
Suppose -39*o = -73*o + 51748. List the prime factors of o.
2, 761
Suppose -17*t = -14*t - 2514. List the prime factors of t.
2, 419
Suppose 11*o + 43 = 230. What are the prime factors of o?
17
Let t(a) = 58*a - 1. Let q be t(1). Suppose 3*u = h + q, -u + 12 = -3*h - 7. What are the prime factors of u?
19
Suppose 3*h + 9*n = 10*n + 2425, 0 = 5*h + 2*n - 4049. List the prime factors of h.
809
Let f(j) = j + 2. Let i(t) = -11*t - 21. Let n(l) = -18*f(l) - 2*i(l). Let y(m) = 3*m**2 - m - 1. Let k be y(-1). What are the prime factors of n(k)?
2, 3
Let z(o) = 9*o**2 + 4*o - 3. Suppose -13 = -5*p + 2. Let l be z(p). Suppose 0 = 4*u + 2*u - l. List the prime factors of u.
3, 5
Suppose -18*h + 17508 - 588 = 0. Suppose k = 4*p - k - h, 0 = -2*p + 2*k + 468. What are the prime factors of p?
2, 59
Suppose 3*c + 18 = -5*u + 3, 0 = c + u + 3. Suppose c = -3*r + 247 + 38. List the prime factors of r.
5, 19
Suppose -3*r + 6 = -0*r. Suppose -2*q + 2*k + 6 = -0*q, r*q = -4*k + 36. Suppose -v + q*v = 280. List the prime factors of v.
2, 5
Let g(k) = 2*k**3 - 16*k**2 + 13*k + 7. Let o be g(7). Suppose 0 = 8*w - o*w - 816. What are the prime factors of w?
2, 3, 17
Let s(t) = 60*t**2 - t - 4. List the prime factors of s(-2).
2, 7, 17
Suppose 6752 = 12*i - 23188. List the prime factors of i.
5, 499
Suppose 3*v = 7*v - 2*b - 4, -3*v + 5*b = 4. Suppose -m - 7 = -4*g + 2*g, 5*m + 11 = -v*g. What are the prime factors of g/3 + (-56)/(-6)?
2, 5
Let u(h) be the second derivative of -h**4/12 - h**3 - h**2/2 - 6*h. Let b be u(-6). What are the prime factors of 6/9*(-9)/b?
2, 3
Let z = 6820 + -3720. What are the prime factors of z?
2, 5, 31
Let m(a) = a**2 - 17*a - 8. Let n be m(8). Let v = -42 - n. List the prime factors of v.
2, 19
Suppose 0 = -3*k + 5*k - 4. Suppose 3*r = k*d + 10, 2 = -r - 2*d - 0*d. Suppose -r*g = 5 - 23. List the prime factors of g.
3
Let x(w) = 481*w**2 - 2*w. What are the prime factors of x(-1)?
3, 7, 23
Suppose -3*c + 10 = 2*c. Suppose c*m + 4 = -2*x, -2 = m + 2*x + 1. List the prime factors of 15/3 + (-3 - m).
3
Let w be (-20)/10*(-6)/4. Suppose 0 = f - 2*p + 30 - 112, -2*p = w*f - 214. What are the prime factors of f?
2, 37
Let f(w) = 2*w**3 + w**2 - 1. Let u be f(1). Let m be (20/(-7) + u)*-21. Suppose 0 = -5*c + m + 37. List the prime factors of c.
11
Let f = -239 - -128. What are the prime factors of 6*(f/(-9) - -1)?
2, 5
Let k(v) = 2*v**2 - 4*v - 7. Let f(j) = j**2. Let a(m) = 3*f(m) - k(m). List the prime factors of a(4).
3, 13
Let s(p) = 6*p + 104. Let n = 82 + -82. List the prime factors of s(n).
2, 13
What are the prime factors of (-4545)/(-12) - 2/((-32)/(-12))?
2, 3, 7
Let m(o) = -6*o**3 + o**2 + 27*o + 27. List the prime factors of m(-6).
3, 7, 19
Let t be (-5)/(-3)*(3 + 0). Suppose 3*g - 3*c = 18 - 6, -4*g - t*c - 20 = 0. Suppose g = -l + 8 + 19. What are the prime factors of l?
3
Suppose -5*x + 2*x + 795 = 0. Suppose -5*t = -85 - x. What are the prime factors of t?
2, 5, 7
Let a = 139 + -72. Let z = a + -29. Suppose -3*b + 5*b = z. What are the prime factors of b?
19
Let w(s) = -2275*s - 133. List the prime factors of w(-2).
7, 631
Let i(o) = 5*o - 27. Let n be i(8). What are the prime factors of -2 + 84 + -12 + n?
83
Let i(b) = -2*b**2 + 32*b + 18. Suppose 3*f - 27 = 15. List the prime factors of i(f).
2, 37
Let w = 531 + 1452. List the prime factors of w.
3, 661
Suppose -v + 413 = 3*b, 3*v = 2*b - 57 - 233. What are the prime factors of b?
139
Let p(b) = -2*b + 12. Let u(s) = -2*s + 12. Let t(x) = -5*p(x) + 6*u(x). Suppose -5 = 5*h - 30. What are the prime factors of t(h)?
2
Let t(m) = 5 + 192*m**3 + 2 + 2 + m**2 - 2*m - 7. List the prime factors of t(1).
193
Suppose -3 = -3*a + 3*p + 21, 5*p = a - 28. Suppose -a*d = 5*s - 72, 5*d + 4*s - 88 = d. Let u = -5 + d. What are the prime factors of u?
2, 7
Let x = 29 - 14. Let g = 6 + -4. Suppose 0*v = 3*v + g*n - 41, 3*n = -x. List the prime factors of v.
17
Let r be 113/5 - (-4)/10. Suppose 5*y = r + 12. Suppose 16 + y = t. What are the prime factors of t?
23
Suppose 5*j + 2*k = 5343 + 4093, -5*j - 4*k = -9442. What are the prime factors of j?
2, 23, 41
Suppose r = -3*r - 88. Let t = r + 24. What are the prime factors of t?
2
Let w = -188 + 481. List the prime factors of w.
293
Let u(r) be the second derivative of -5*r**4/6 + 3*r**2 - 7*r. Let c be u(-5). Let s = -174 - c. List the prime factors of s.
2, 5, 7
Let s(c) = -25*c**3 + 3*c + 4. Let a be s(-4). Suppose 3*k + a = 4*k. List the prime factors of k/44 + 4/(-22).
2, 3
Let v = -24 - -28. Suppose c = -3*c + v, 4*c = -2*l + 94. List the prime factors of l.
3, 5
Suppose 3*x = -x - 48. List the prime factors of (-55)/(-22)*